{"id":179,"date":"2011-03-30T20:10:38","date_gmt":"2011-03-30T20:10:38","guid":{"rendered":"http:\/\/vjeronauk.net\/?page_id=179"},"modified":"2011-03-30T20:48:11","modified_gmt":"2011-03-30T20:48:11","slug":"opcinstvo-svetih","status":"publish","type":"page","link":"https:\/\/vjeronauk.net\/?page_id=179","title":{"rendered":"op\u0107instvo svetih&#8230;"},"content":{"rendered":"<p>Tuma\u010denje ovog \u010dlanka Vjerovanja zapravo produ\u017euje na\u0161 razgovor o Crkvi: Crkva je <strong>op\u0107instvo svetih<\/strong>. Crkva je <strong>zajednica svetih<\/strong>, to jest svih Isusovih vjernika i na zemlji i u nebu; ona je, nadalje, <strong>zajednica svetinja<\/strong> jer svi njeni \u010dlanovi sudjeluju u svim dobrima spasenja.<\/p>\n<p>Potrebno je, dakle, protuma\u010diti obje rije\u010di: i \u0161to zna\u010di \u201cop\u0107instvo\u201d i \u0161to zna\u010di \u201csveti\u201d.<\/p>\n<p>Rije\u010d \u201c<strong>op\u0107instvo<\/strong>\u201d dobra je hrvatska rije\u010d, ali se danas rijetko upotrebljava. Katkada se jo\u0161 \u010duje ondje gdje je nije istisla tu\u0111a rije\u010d \u201cpublika\u201d. Mo\u017ee se, dakle, re\u0107i: na\u0161a javnost ili na\u0161a publika ili na\u0161e op\u0107instvo. Ve\u0107 to upu\u0107uje na va\u017enu zna\u010dajku Crkve kao zajednice Isusovih vjernika: Crkva je op\u0107enita, posvuda\u0161nja, ona je javna i <strong>otvorena svima<\/strong> bez razlike. Stoga sama po sebi te\u017ei da posvuda svakome vjerniku i svoj zajednici bude priznato pravo <strong>javno ispovijedati svoju vjeru<\/strong> i sudjelovati u zajedni\u010dkom i javnom bogoslu\u017eju.<\/p>\n<p>S druge strane mo\u017eemo jo\u0161 ljep\u0161e protuma\u010diti sadr\u017eaj na\u0161ega Vjerovanja u op\u0107instvo svetih. Op\u0107enito je ono \u0161to je <strong>svima zajedni\u010dko<\/strong>. Stoga se i mjesna zajednica zove op\u0107ina. A tu treba podsjetiti i na internacionalnu rije\u010d koja potje\u010de iz latinskog. Latinski izraz za \u201cop\u0107enito\u201d (zajedni\u010dko) jest \u201ccommunis\u201d. Stoga se u povijesti francuske revolucije govori o pari\u0161koj komuni, a svima je poznata rije\u010d i pokret koji se zove komunizam (koji \u017eeli ostvariti \u0161to ve\u0107e zajedni\u0161tvo me\u0111u ljudima).<\/p>\n<h2>Crkva \u2013 \u201czajednica svetih\u201d<\/h2>\n<p>Nakon tuma\u010denja izraza \u201cop\u0107instvo\u201d dolazimo do sadr\u017eaja koji nam \u017eeli dozvati u svijest na\u0161e Vjerovanje. <strong>Crkva<\/strong> \u017eeli biti svima zajedni\u010dka, \u017eeli okupiti sve ljude u <strong>veliku zajednicu<\/strong>. Ali koju? To odgovara drugi \u010dlan ove izjave na\u0161eg Vjerovanja: u zajednicu \u201c<strong>svetih<\/strong>\u201d. Treba stoga protuma\u010diti i tu rije\u010d.<\/p>\n<p>Po sv. Pavlu, naziv \u201csveti\u201d drugi je naziv za <strong>kr\u0161\u0107ane<\/strong>. Oni su sveti jer su <strong>krstom posve\u0107eni<\/strong>: krstom su najtje\u0161nje povezani s Kristom i, po Kristu, s Bogom. Sveti su jer darom <strong>Duha Svetoga<\/strong> posjeduju <strong>milost<\/strong> ili bogosinstvo. A to ih obvezuje i da <strong>u \u017eivotu<\/strong> budu <strong>sveti<\/strong>, da nastoje oko svetosti. Svetim. postaje onaj koji se u svom svagda\u0161njem \u017eivotu \u2013 i osobnom, i obiteljskom i dru\u0161tvenom \u2013 zala\u017ee za \u010dovje\u0161tvo i dobrotu, za pravednost i napredak, za ljubav i mir.<\/p>\n<p>Na poseban na\u010din zovemo <strong>svetima<\/strong> one koji su ve\u0107 zavr\u0161ili zemaljski \u017eivot, ali su za sobom ostavili uspomenu <strong>izvanrednih<\/strong> i herojskih zalaganja za bogoljublje i bratoljublje. A u naj\u0161irem smislu, svetima zovemo sve one koji ve\u0107 <strong>u nebu<\/strong> u\u017eivaju kona\u010dnu zajednicu s Bogom ili <strong>vje\u010dno bla\u017eenstvo<\/strong>.<\/p>\n<p>Svi se, dakle, <strong>Isusovi vjernici<\/strong> zovu na neki na\u010din \u201c<strong>sveti<\/strong>\u201d i svi oni \u010dine jedno <strong>zajedni\u0161tvo<\/strong> ili <strong>op\u0107instvo<\/strong>. Lijepo se o tom izra\u017eava Drugi vatikanski koncil: \u201c<strong><em>Dok ne do\u0111e Gospodin u svom veli\u010danstvu i svi an\u0111eli s njime<\/em><\/strong> (usp. Mt 25,31) &#8230; <strong><em>neki su od njegovih u\u010denika putnici na zemlji \u2013 a neki se, nakon zemaljskog \u017eivota, jo\u0161 \u010diste \u2013 a neki u\u017eivaju slavu nebesku gledaju\u0107i jasno trojedinoga Boga kakav jest. Ipak svi zajedno, iako u razli\u010ditom stupnju i na razli\u010dit na\u010din, u\u010destvujemo u istoj ljubavi prema Bogu i bli\u017enjemu i pjevamo istu pjesmu slave na\u0161emu Bogu<\/em><\/strong>\u201d (Konstitucija o Crkvi, br. 49).<\/p>\n<p>Stoga se u teologiji razlikuju tri stadija Crkve. Vjernici koji jo\u0161 putuju zemljom u vje\u010dnu domovinu zovu se \u201cCrkva putnika\u201d ili \u201c<strong>putuju\u0107a Crkva<\/strong>\u201d. Budu\u0107i da se jo\u0161 moraju boriti za svoje vje\u010dno spasenje, zovu se i \u201cborbena\u201d ili, \u201cvojuju\u0107a\u201d Crkva. Taj se izraz \u010desto krivo tuma\u010di, kao da se oni bore protiv Ljudi. Ne, oni su \u201cvojuju\u0107a\u201d Crkva jer se bore protiv nepravde za pravdu, protiv la\u017ei za istinu, protiv mr\u017enje za ljubav.<\/p>\n<p>Vjernici koji se jo\u0161 nakon smrti \u010diste od svoje gre\u0161nosti i ne u\u017eivaju potpuno nebeskog bla\u017eenstva zovu se <strong>\u201ctrpe\u0107a\u201d Crkva<\/strong>, jer trpe od silne \u010de\u017enje za Bogom (za njih ka\u017eemo da su u \u010distili\u0161tu).<\/p>\n<p>Vjernici koji su, nakon zemaljske borbe, ve\u0107 postigli nebesko bla\u017eenstvo i u\u017eivaju u slavi Bo\u017ejoj, zovu se \u201c<strong>slavna<\/strong>\u201d ili <strong>\u201cpobjedni\u010dka\u201d Crkva<\/strong>.<\/p>\n<p>Svi oni \u2013 i vjernici na zemlji i pokojnici u \u010distili\u0161tu i oni u nebu \u2013 tvore veliku vjerni\u010dku zajednicu ili op\u0107instvo, jer su me\u0111usobno povezani ljubavlju; molitvom i zagovorom.<\/p>\n<p>Nigdje se to zajedni\u0161tvo toliko ne o\u010dituje kao u <strong>euharistijskom slavlju<\/strong>. U njemu pjevamo pjesmu slave sa svim an\u0111elima i svetima: \u201c<strong><em>Svet, svet, svet, Gospodin Bog Sabaot<\/em><\/strong>!\u201d U euharistiji se spominjemo svoje pokojne bra\u0107e i molimo: \u201c<strong><em>Privedi ih k svjetlu tvoga lica!<\/em><\/strong>\u201d U njoj zazivamo svete u nebu : bla\u017eenu Djevicu Mariju, apostole, mu\u010denike i sve svete da bismo zajedno s njima zavrijedili postati sudionici vje\u010dnoga \u017eivota.<\/p>\n<p>U euharistiji nadasve mi vjernici na zemlji do\u017eivljavamo svoje <strong>zajedni\u0161tvo<\/strong> ili op\u0107instvo jer kad god se okupljamo na euharistijsko slavlje, \u010dinimo to u zajednici s papom i sa svojim biskupom i sa svima Isusovim vjernicima po cijelome svijetu. To zajedni\u0161tvo svih vjernika na svijetu po euharistiji slikovito izra\u017eava najstariji kr\u0161\u0107anski zapis iz I. stolje\u0107a, koji se zove \u201c<strong>Didahe<\/strong>\u201d ili \u201c<strong>Pouka Dvanaestorice apostola<\/strong>\u201d. Tu se oslikava jedinstvo vjernika iz jedinstva kruha: \u201c<strong><em>Kao \u0161to ovaj razlomljeni kruh bija\u0161e raspr\u0161en po mnogim bregovima, i sabran postade jedan, tako neka se sabere tvoja Crkva s krajeva zemlje u tvoje kraljevstvo.<\/em><\/strong>\u201d<\/p>\n<h2>Crkva \u2013 \u201czajednica svetinja\u201d<\/h2>\n<p>Pod izrazom \u201cop\u0107instvo svetih\u201d skriva se jo\u0161 jedna stvarnost na\u0161e vjere. Po gr\u010dkom izvorniku, ovaj se \u010dlanak Vjerovanja mo\u017ee prevesti i sa \u201cop\u0107instvo (zajednica) svetinja\u201d. Time se \u017eeli re\u0107i ovo: <strong>svi vjernici<\/strong> imaju <strong>udio u istim \u201csvetinjama<\/strong>\u201d, to jest u <strong>sakramentima<\/strong>. Crkva, dakle, nije samo zajednica svetih, nego i zajednica svetinja.<\/p>\n<p>Na\u0161e najve\u0107e svetinje jesu sveti <strong>sakramenti<\/strong>. Kratko re\u010deno, sakramenti su <strong>vidljivi znakovi<\/strong> koje je ustanovio Isus Krist da nam. se po njima daje <strong>nevidljiva Bo\u017eja milost<\/strong> ili bogosinstvo.<\/p>\n<p>Mi ljudi u svom \u017eivotu upotrebljavamo mnoge vanjske znakove da njima izrazimo svoju unutarnju pa\u017enju i ljubav. Tako se za imendane i ro\u0111endane darivamo cvije\u0107em (cvijet je vanjski znak za ljubav i pa\u017enju \u0161to ih poklanjamo jedni drugima).<\/p>\n<p>Isus je znao za na\u0161u narav, pa nam je svoju milost htio dati po vanjskim znakovima koje je on sam odabrao. Ni\u0161ta nam npr. nije tako potrebno za \u017eivot, a opet tako pristupa\u010dno kao <strong>voda<\/strong>. Voda nam gasi \u017ee\u0111, osvje\u017eava nas, obilno se izlijeva i daje nam \u010disto\u0107u i \u017eivot. Stoga ju je Isus uzeo kao znak <strong>krsta<\/strong>. Voda u kr\u0161tenju ozna\u010duje da nam je Bo\u017eja milost i ljubav pristupa\u010dna i bliska, da nam daje svje\u017einu, \u010disto\u0107u i \u017eivot te da se obilno izlijeva na nas, kao voda.<\/p>\n<p>U Crkvi postoji <strong>sedam svetih sakramenata<\/strong>. To su na\u0161e velike svetinje: <strong>krst<\/strong> (kr\u0161tenje) \u2013 <strong>potvrda<\/strong> (krizma) \u2013 <strong>pomirenje<\/strong> (ispovijed, pokora, obra\u0107enje) \u2013 <strong>euharistija<\/strong> (sveta misa i pri\u010dest) \u2013 <strong>bolesni\u010dko pomazanje<\/strong> \u2013 <strong>sveti red<\/strong> (sve\u0107eni\u010dki i biskupski) \u2013 <strong>\u017eenidba<\/strong><\/p>\n<p>Stoga, kada u Vjerovanju izjavljujemo svoju vjeru u \u201cop\u0107instvo svetih\u201d, \u017eelimo re\u0107i i ovo: svi mi Isusovi vjernici imamo zajedni\u010dke svetinje te prihva\u0107amo Isusovu ponudu da se njima slu\u017eimo kao znakovima Isusove ljubavi i dobrote. Time u sebi \u010duvamo i njegujemo njegov najve\u0107i dar, a to je milost posvetna ili bogosinstvo.<\/p>\n<p>Sa\u017emimo na kraju bogat sadr\u017eaj \u0161to se krije u izrazu \u201cop\u0107instvo svetih\u201d:<\/p>\n<p>&#8211; Crkva je op\u0107enita i posvuda\u0161nja;<\/p>\n<p>&#8211; Crkva je javna i svima otvorena;<\/p>\n<p>&#8211; Crkva \u017eeli ostvariti zajedni\u0161tvo me\u0111u svim ljudima; zajedni\u0161tvo u \u201csvetosti\u201d, tj. u \u010dovje\u0161tvu, dobroti, ljubavi i miru;<\/p>\n<p>&#8211; da bi to postigla, Bog Crkvi pru\u017ea posebnu pomo\u0107 po velikim \u201csvetinjama\u201d, tj. po svetim sakramentima;<\/p>\n<p>&#8211; svi Isusovi vjernici na zemlji povezani su, me\u0111usobno i s onima koji su umrli u vjernosti Bogu, u zajednicu svetih.<\/p>\n","protected":false},"excerpt":{"rendered":"<p>Tuma\u010denje ovog \u010dlanka Vjerovanja zapravo produ\u017euje na\u0161 razgovor o Crkvi: Crkva je op\u0107instvo svetih. Crkva je zajednica svetih, to jest svih Isusovih vjernika i na zemlji i u nebu; ona je, nadalje, zajednica svetinja jer svi njeni \u010dlanovi sudjeluju u svim dobrima spasenja. Potrebno je, dakle, protuma\u010diti obje rije\u010di: i \u0161to zna\u010di \u201cop\u0107instvo\u201d i \u0161to &hellip; <a href=\"https:\/\/vjeronauk.net\/?page_id=179\" class=\"more-link\">Nastavi \u010ditati <span class=\"screen-reader-text\">op\u0107instvo svetih&#8230;<\/span><\/a><\/p>\n","protected":false},"author":5,"featured_media":0,"parent":28,"menu_order":15,"comment_status":"closed","ping_status":"closed","template":"","meta":{"footnotes":""},"class_list":["post-179","page","type-page","status-publish","hentry"],"_links":{"self":[{"href":"https:\/\/vjeronauk.net\/index.php?rest_route=\/wp\/v2\/pages\/179","targetHints":{"allow":["GET"]}}],"collection":[{"href":"https:\/\/vjeronauk.net\/index.php?rest_route=\/wp\/v2\/pages"}],"about":[{"href":"https:\/\/vjeronauk.net\/index.php?rest_route=\/wp\/v2\/types\/page"}],"author":[{"embeddable":true,"href":"https:\/\/vjeronauk.net\/index.php?rest_route=\/wp\/v2\/users\/5"}],"replies":[{"embeddable":true,"href":"https:\/\/vjeronauk.net\/index.php?rest_route=%2Fwp%2Fv2%2Fcomments&post=179"}],"version-history":[{"count":6,"href":"https:\/\/vjeronauk.net\/index.php?rest_route=\/wp\/v2\/pages\/179\/revisions"}],"predecessor-version":[{"id":246,"href":"https:\/\/vjeronauk.net\/index.php?rest_route=\/wp\/v2\/pages\/179\/revisions\/246"}],"up":[{"embeddable":true,"href":"https:\/\/vjeronauk.net\/index.php?rest_route=\/wp\/v2\/pages\/28"}],"wp:attachment":[{"href":"https:\/\/vjeronauk.net\/index.php?rest_route=%2Fwp%2Fv2%2Fmedia&parent=179"}],"curies":[{"name":"wp","href":"https:\/\/api.w.org\/{rel}","templated":true}]}}