{"id":355,"date":"2011-04-26T09:23:06","date_gmt":"2011-04-26T09:23:06","guid":{"rendered":"http:\/\/vjeronauk.net\/?page_id=355"},"modified":"2025-12-16T16:11:49","modified_gmt":"2025-12-16T15:11:49","slug":"pomirenje-ispovijed-pokora","status":"publish","type":"page","link":"https:\/\/vjeronauk.net\/?page_id=355","title":{"rendered":"Pomirenje (ispovijed, pokora)"},"content":{"rendered":"\n<p class=\"has-medium-font-size\">Svima nam je potrebno \u201cobra\u0107enje\u201d pra\u0161tanje i pomirenje jer smo svjesni da su snage zla i grijeha u nama i me\u0111u nama \u010desto ja\u010de od dobra i vjernosti na koje smo pozvani. Potrebno je neprestano se\u201cobra\u0107ati\u201d te stalno napredovati na putu istinskog pomirenja s Bogom, jednih s drugima i sa sobom.<\/p>\n\n\n\n<p class=\"has-medium-font-size\">Bog nam je definitivno i neopozivo ponudio i darovao opro\u0161tenje i pomirenje u Isusu Kristu. Isus je zapo\u010deo svoje propovijedanje pozivom: \u201cObratite se i vjerujte Evan\u0111elju!\u201d Opra\u0161tao je grijehe i svoju je mo\u0107 opra\u0161tanja i spa\u0161avanja potvr\u0111ivao \u010dudesnim znakovima (ozdravljenjima). Svoje je apostole poslao da navije\u0161taju obra\u0107enje za opro\u0161tenje grijeha. Ustanovio je euharistijsku \u017ertvu na \u201cotpu\u0161tenje grijeha\u201d. da bismo u njoj otajstveno sudjelovali u njegovoj smrti i uskrsnu\u0107u za na\u0161e \u201copravdanje\u201d. Svoju slu\u017ebu pomirenja ljudi s Bogom Isus danas ostvaruje u svojoj Crkvi: apostolima i njihovim nasljednicima dao je vlast opra\u0161tati grijehe, a Petru i njegovim nasljednicima simboli\u010dki je predao \u201cklju\u010deve kraljevstva nebeskoga\u201d.<\/p>\n\n\n\n<p class=\"has-medium-font-size\">Od svog po\u010detka, od prvih Duhova Crkva propovijeda obra\u0107enje za opro\u0161tenje grijeha. Kr\u0161tenjem, potvrdom i euharistijom izvr\u0161uje temeljno pomirenje ljudi s Bogom. A ni onima koji su ve\u0107 kr\u0161teni nikada ne prestaje propovijedati obra\u0107enje i pokoru; i onima koji su sagrije\u0161ili poslije kr\u0161tenja, vla\u0161\u0107u koju je primila od Krista, podjeljuje sakramenat pomirenja (sakramenat pokore, ispovijed).<\/p>\n\n\n\n<p class=\"has-text-color has-link-color has-medium-font-size wp-elements-6bc66d32db12a5948f91fa3aa1f04916\" style=\"color:#460303\"><strong>Faze sakramenta pomirenja su:<br>&#8211; kajanje<br>&#8211; ispovijed<br>&#8211; odrje\u0161enje<br>&#8211; zadovolj\u0161tina<\/strong><\/p>\n\n\n\n<p class=\"has-medium-font-size\">Pomirenje ima uvijek dvije strane:<br>&#8211;<strong> pomirenje s Bogom<\/strong>, \u010diju ljubav i ponudu spasenja odbijamo grijehom;<br><strong>&#8211; pomirenje s bra\u0107om<\/strong>, koju grijehom o\u0161te\u0107ujemo i vrije\u0111amo (svi su ljudi povezani u dobru i u zlu).<\/p>\n\n\n\n<p class=\"has-medium-font-size\">Sakramenat pomirenja potreban je svima koji su te\u0161ko sagrije\u0161ili poslije kr\u0161tenja. No dobro je da slavimo i primamo taj sakramenat i onda kad nismo svjesni te\u0161koga grijeha jer time pokazujemo iskrenost i istinitost na\u0161eg nastojanja da neprestano napredujemo na putu obra\u0107enja i pomirenja koje nam Bog nudi i dariva.<br> Da bi se \u0161to bolje izrazio sav misterij (otajstvo) koji slavimo u sakramentu pomirenja, u Crkvi se danas predla\u017eu tri oblika slavljenja tog sakramenta:<br> &#8211; Zajedni\u010dko slavljenje pomirenja s pojedina\u010dnom ispovijedi i odrje\u0161enjem<br> &#8211; Pojedina\u010dno slavljenje sakramenta pomirenja<br> &#8211; Zajedni\u010dko slavljenje pomirenja s op\u0107om ispovijedi i skupnim odrje\u0161enjem.<\/p>\n\n\n\n<p class=\"has-medium-font-size\"><strong>Duhovni plodovi\u00a0<\/strong>sakramenta sv. ispovijedi jesu:<br><strong>\u2013 pomirenje s Bogom;<br>\u2013 otpu\u0161tenje vje\u010dne kazne zaslu\u017eene smrtnim grijesima;<br>\u2013 duhovna snaga i milost u borbi protiv grijeha;<br>\u2013 duhovna utjeha i mir savjesti.<\/strong><\/p>\n","protected":false},"excerpt":{"rendered":"<p>Svima nam je potrebno \u201cobra\u0107enje\u201d pra\u0161tanje i pomirenje jer smo svjesni da su snage zla i grijeha u nama i me\u0111u nama \u010desto ja\u010de od dobra i vjernosti na koje smo pozvani. Potrebno je neprestano se\u201cobra\u0107ati\u201d te stalno napredovati na putu istinskog pomirenja s Bogom, jednih s drugima i sa sobom. Bog nam je definitivno &hellip; <a href=\"https:\/\/vjeronauk.net\/?page_id=355\" class=\"more-link\">Nastavi \u010ditati <span class=\"screen-reader-text\">Pomirenje (ispovijed, pokora)<\/span><\/a><\/p>\n","protected":false},"author":5,"featured_media":2884,"parent":154,"menu_order":4,"comment_status":"closed","ping_status":"closed","template":"","meta":{"footnotes":""},"class_list":["post-355","page","type-page","status-publish","has-post-thumbnail","hentry"],"_links":{"self":[{"href":"https:\/\/vjeronauk.net\/index.php?rest_route=\/wp\/v2\/pages\/355","targetHints":{"allow":["GET"]}}],"collection":[{"href":"https:\/\/vjeronauk.net\/index.php?rest_route=\/wp\/v2\/pages"}],"about":[{"href":"https:\/\/vjeronauk.net\/index.php?rest_route=\/wp\/v2\/types\/page"}],"author":[{"embeddable":true,"href":"https:\/\/vjeronauk.net\/index.php?rest_route=\/wp\/v2\/users\/5"}],"replies":[{"embeddable":true,"href":"https:\/\/vjeronauk.net\/index.php?rest_route=%2Fwp%2Fv2%2Fcomments&post=355"}],"version-history":[{"count":9,"href":"https:\/\/vjeronauk.net\/index.php?rest_route=\/wp\/v2\/pages\/355\/revisions"}],"predecessor-version":[{"id":2386,"href":"https:\/\/vjeronauk.net\/index.php?rest_route=\/wp\/v2\/pages\/355\/revisions\/2386"}],"up":[{"embeddable":true,"href":"https:\/\/vjeronauk.net\/index.php?rest_route=\/wp\/v2\/pages\/154"}],"wp:featuredmedia":[{"embeddable":true,"href":"https:\/\/vjeronauk.net\/index.php?rest_route=\/wp\/v2\/media\/2884"}],"wp:attachment":[{"href":"https:\/\/vjeronauk.net\/index.php?rest_route=%2Fwp%2Fv2%2Fmedia&parent=355"}],"curies":[{"name":"wp","href":"https:\/\/api.w.org\/{rel}","templated":true}]}}