{"id":358,"date":"2011-04-26T09:30:04","date_gmt":"2011-04-26T09:30:04","guid":{"rendered":"http:\/\/vjeronauk.net\/?page_id=358"},"modified":"2012-04-04T11:59:03","modified_gmt":"2012-04-04T09:59:03","slug":"kako-se-ispovijediti","status":"publish","type":"page","link":"https:\/\/vjeronauk.net\/?page_id=358","title":{"rendered":"Kako se ispovijediti"},"content":{"rendered":"<p><span style=\"color: #333399;\">U ispovijedaonici (pred sve\u0107enikom)<\/span><strong><br \/>\n<\/strong><\/p>\n<p><strong>Hvaljen Isus Marija! <\/strong>&#8211; Uvijek hvaljen!<br \/>\n<strong>U ime Oca i Sina i Duha Svetoga. Amen. <\/strong><em>(dok to izgovara\u0161 \u010dini\u0161 znak kri\u017ea)<\/em><br \/>\n<strong>\u017delim ispovjediti svoje grijeha koje sam u\u010dinio (od posljednje ispovijedi koja je bila <\/strong><em>reci kada).<\/em><\/p>\n<p><strong>Sagrije\u0161io sam: <\/strong>\u2013<em> govori\u0161 grijehe redom po to\u010dkama ispita savjesti;<br \/>\n\u2013 grijehe govori poluglasno (niti pretiho, niti preglasno);<br \/>\n\u2013 poku\u0161aj se sjetiti \u0161to vi\u0161e grijeha;<br \/>\n\u2013 govori uvijek istinu;<br \/>\n\u2013 ako ne zna\u0161 ne\u0161to o kr\u0161\u0107anskoj vjeri i Bogu, mo\u017ee\u0161 sve\u0107enika uvijek zamoliti da ti objasni.<br \/>\nKad misli\u0161 da si sve rekao ka\u017ei: <\/em><strong>To je <\/strong><strong>sve \u010dega se sje\u0107am.<\/strong><\/p>\n<p>Sve\u0107enik \u0107e ti tada dati pokoru, to jest dobro djelo koje \u0107e\u0161 u\u010diniti kako bi pokazao Bogu da ti je doista \u017eao i da se \u017eeli\u0161 popraviti. <em>Pokoru dobro slu\u0161aj i zapamti je.<\/em><\/p>\n<p>Poslije toga sve\u0107enik \u0107e ti re\u0107i: &#8220;Sad se pokaj.&#8221;<\/p>\n<p><em>Tada moli\u0161 molitvu kajanja: <\/em><span style=\"color: #333399;\"><strong>Kajem se od svega srca \u0161to sam uvrijedio Boga najve\u0107e i najmilije dobro. Mrzim na sve svoje grijehe i \u010dvrsto odlu\u010dujem da \u0107u se popraviti i da ne\u0107u vi\u0161e grije\u0161iti.<\/strong><\/span><\/p>\n<p>Sve\u0107enik \u0107e ispru\u017eiti ruku i re\u0107i:<br \/>\n<span style=\"color: #800000;\">Bog milosrdni Otac pomirio je sa sobom svijet<\/span><br \/>\n<span style=\"color: #800000;\"> smr\u0107u i uskrsnu\u0107em svoga Sina<\/span><br \/>\n<span style=\"color: #800000;\"> i izlio Duha Svetoga na otpu\u0161tenje grijeha.<\/span><br \/>\n<span style=\"color: #800000;\"> Neka ti po slu\u017eenju Crkve on udijeli opro\u0161tenje i mir.<\/span><br \/>\n<span style=\"color: #800000;\"> I ja te odrje\u0161ujem od grijeha tvojih.<\/span><br \/>\n<span style=\"text-decoration: underline; color: #800000;\"> U ime Oca i Sina i Duha Svetoga.<\/span><\/p>\n<p><em>Dok sve\u0107enik izgovara podcrtane rije\u010di ti <\/em><strong>\u010dini\u0161 znak kri\u017ea na sebi, <\/strong>i odgovara\u0161: <strong>Amen.<\/strong><\/p>\n<p>Sve\u0107enik: Hvalite Gospodina jer je dobar.<\/p>\n<p>Odgovara\u0161: <strong>Jer je vje\u010dna ljubav njegova.<\/strong><\/p>\n<p>Sve\u0107enik: Bog ti otpustio grijehe tvoje. Idi u miru.<\/p>\n<p>Odgovara\u0161: <strong>Bogu hvala.<\/strong><\/p>\n<p><em>Ako si zaboravio pokoru zamoli sve\u0107enika neka ti ju ponovi.<\/em><\/p>\n<p>SVE RIJE\u010cI PISANE TAMNIM SLOVIMA TI IZGOVARA\u0160. KOSO PISANE RIJE\u010cI SU PODSJETNIK \u0160TO TREBA\u0160 \u010cINITI. SVE OSTALE RIJE\u010cI IZGOVARA SVE\u0106ENIK.<\/p>\n","protected":false},"excerpt":{"rendered":"<p>U ispovijedaonici (pred sve\u0107enikom) Hvaljen Isus Marija! &#8211; Uvijek hvaljen! U ime Oca i Sina i Duha Svetoga. Amen. (dok to izgovara\u0161 \u010dini\u0161 znak kri\u017ea) \u017delim ispovjediti svoje grijeha koje sam u\u010dinio (od posljednje ispovijedi koja je bila reci kada). Sagrije\u0161io sam: \u2013 govori\u0161 grijehe redom po to\u010dkama ispita savjesti; \u2013 grijehe govori poluglasno (niti &hellip; <a href=\"https:\/\/vjeronauk.net\/?page_id=358\" class=\"more-link\">Nastavi \u010ditati <span class=\"screen-reader-text\">Kako se ispovijediti<\/span><\/a><\/p>\n","protected":false},"author":5,"featured_media":0,"parent":355,"menu_order":0,"comment_status":"closed","ping_status":"closed","template":"","meta":{"footnotes":""},"class_list":["post-358","page","type-page","status-publish","hentry"],"_links":{"self":[{"href":"https:\/\/vjeronauk.net\/index.php?rest_route=\/wp\/v2\/pages\/358","targetHints":{"allow":["GET"]}}],"collection":[{"href":"https:\/\/vjeronauk.net\/index.php?rest_route=\/wp\/v2\/pages"}],"about":[{"href":"https:\/\/vjeronauk.net\/index.php?rest_route=\/wp\/v2\/types\/page"}],"author":[{"embeddable":true,"href":"https:\/\/vjeronauk.net\/index.php?rest_route=\/wp\/v2\/users\/5"}],"replies":[{"embeddable":true,"href":"https:\/\/vjeronauk.net\/index.php?rest_route=%2Fwp%2Fv2%2Fcomments&post=358"}],"version-history":[{"count":10,"href":"https:\/\/vjeronauk.net\/index.php?rest_route=\/wp\/v2\/pages\/358\/revisions"}],"predecessor-version":[{"id":2828,"href":"https:\/\/vjeronauk.net\/index.php?rest_route=\/wp\/v2\/pages\/358\/revisions\/2828"}],"up":[{"embeddable":true,"href":"https:\/\/vjeronauk.net\/index.php?rest_route=\/wp\/v2\/pages\/355"}],"wp:attachment":[{"href":"https:\/\/vjeronauk.net\/index.php?rest_route=%2Fwp%2Fv2%2Fmedia&parent=358"}],"curies":[{"name":"wp","href":"https:\/\/api.w.org\/{rel}","templated":true}]}}