{"id":39,"date":"2011-02-24T23:50:48","date_gmt":"2011-02-24T23:50:48","guid":{"rendered":"http:\/\/vjeronauk.net\/?page_id=39"},"modified":"2011-10-31T12:48:05","modified_gmt":"2011-10-31T11:48:05","slug":"vjerujem-u-boga","status":"publish","type":"page","link":"https:\/\/vjeronauk.net\/?page_id=39","title":{"rendered":"u Boga&#8230;"},"content":{"rendered":"<h2><strong><span style=\"color: #800000;\">Bog<\/span><\/strong><\/h2>\n<p>Bog je veliki Misterij (tajna). Te\u0161ko je i gotovo nemogu\u0107e ljudskim rije\u010dima izraziti tko je i kakav je Bog. No na\u0161e nam rije\u010di mogu pomo\u0107i da naslutimo neizrecivo bogatstvo Misterija Boga. Osobito rije\u010di za koje vjerujemo da su nam od Boga objavljene.<\/p>\n<p>O Bogu se mo\u017ee izre\u0107i svako dobro i samo dobro: Bog je <strong>jedan, \u017eiv i vje\u010dan.<\/strong> On je <strong>istinit<\/strong> i <strong>vjeran<\/strong>, <strong>svemogu\u0107<\/strong> i <strong>dobar<\/strong>. On je <strong>Stvoritelj<\/strong> neba i zemlje: sve \u0161to postoji &#8211; po njemu postoji. <strong>Razli\u010dit<\/strong> je od svakoga stvorenja, neizrecivo <strong>ve\u0107i<\/strong> i <strong>vi\u0161i<\/strong> od <strong>\u010dovjeka<\/strong>. A ipak, on je neizrecivo <strong>blizak<\/strong> \u010dovjeku i svim bi\u0107ima. Sv. Pavao to izra\u017eava ovako: \u201c<strong><em>U njemu \u017eivimo, mi\u010demo se i jesmo, njegov smo rod<\/em><\/strong>\u201d (Dj 17,28).<\/p>\n<p>Bog je <strong>nevidljiv<\/strong>, ali ga na vi\u0161e na\u010dina mo\u017eemo naslutiti i upoznati: razmi\u0161ljanjem o prirodi i tajnama svemira, razmi\u0161ljanjem o misteriju \u010dovjeka &#8211; osobito o \u010dovjekovoj sposobnosti da misli, stvara i voli&#8230; Sva <strong>priroda<\/strong>, sav <strong>svemir<\/strong>, sve \u0161to postoji &#8211; a nadasve <strong>\u010dovjek<\/strong> &#8211; odra\u017eava <strong>Bo\u017eju dobrotu<\/strong>, <strong>mudrost<\/strong>, <strong>ljepotu<\/strong> i <strong>veli\u010dinu<\/strong>. O Bogu nam svjedo\u010di i na\u0161a <strong>savjest<\/strong>: razlikujemo dobro od zla, znamo da trebamo \u010diniti dobro; nije mogu\u0107e da je, u kona\u010dnici, besmisleno na\u0161e nastojanje da \u010dinimo dobro.<\/p>\n<p>Kr\u0161\u0107ani nadasve spoznaju Boga iz <strong>Objave<\/strong>. Vjerujemo da je Bog u povijesti govorio po Bo\u017ejim ljudima i napokon po svom Sinu Isusu Kristu. <strong>Isus Krist<\/strong> nam je osobito otkrio <strong>tko je Bog<\/strong> i <strong>\u0161to<\/strong> on za nas <strong>\u010dini iz ljubavi<\/strong>. Isus nam je objavio i koji su Bo\u017eji planovi s \u010dovjekom: otkrio nam je da je <strong>\u010dovjek pozvan<\/strong> na <strong>vje\u010dni \u017eivot<\/strong> u neizrecivoj <strong>zajednici ljubavi s Bogom<\/strong>.<\/p>\n<p>Najljep\u0161u izreku o Bogu nalazimo u Svetom pismu (Bibliji) u sv. Ivana: \u201c<strong><em>Bog je ljubav i tko ostaje u ljubavi, u Bogu ostaje i Bog u njemu<\/em><\/strong>\u201d (1 Iv 4,16).<\/p>\n<h2><span style=\"color: #800000;\"><strong>Presveto Trojstvo<\/strong><\/span><\/h2>\n<p>Isus nam je otkrio najve\u0107u tajnu o Bogu: Bog nije osamljenik, Bog je neizreciva <strong>zajednica ljubavi<\/strong> Oca i Sina i Duha Svetoga. U Bogu su trojica, tri osobe: <strong>Otac<\/strong> &#8211; <strong>Sin<\/strong> &#8211; <strong>Duh Sveti<\/strong>. Stoga ka\u017eemo: <em>samo je jedan Bog, a u Bogu su tri osobe<\/em>. Tajnu \u201ctrojedinog\u201d Boga nazivamo <strong>Presveto Trojstvo<\/strong> ili, kako se ponegdje veli, Sveta Trojica.<\/p>\n<figure id=\"attachment_739\" aria-describedby=\"caption-attachment-739\" style=\"width: 597px\" class=\"wp-caption alignleft\"><a href=\"http:\/\/vjeronauk.net\/wp-content\/uploads\/2011\/10\/Trinidad_El_Greco2.jpg\"><img loading=\"lazy\" decoding=\"async\" class=\"size-large wp-image-739\" title=\"Trinidad_El_Greco2\" src=\"http:\/\/vjeronauk.net\/wp-content\/uploads\/2011\/10\/Trinidad_El_Greco2-597x1024.jpg\" alt=\"\" width=\"597\" height=\"1024\" srcset=\"https:\/\/vjeronauk.net\/wp-content\/uploads\/2011\/10\/Trinidad_El_Greco2-597x1024.jpg 597w, https:\/\/vjeronauk.net\/wp-content\/uploads\/2011\/10\/Trinidad_El_Greco2-175x300.jpg 175w, https:\/\/vjeronauk.net\/wp-content\/uploads\/2011\/10\/Trinidad_El_Greco2.jpg 800w\" sizes=\"auto, (max-width: 597px) 100vw, 597px\" \/><\/a><figcaption id=\"caption-attachment-739\" class=\"wp-caption-text\">El Greco: Presveto Trojstvo<\/figcaption><\/figure>\n<p>&nbsp;<\/p>\n<p>Ta stvarnost na\u0161e vjere prema\u0161uje i nadilazi na\u0161 razum. Boga ne mo\u017eemo potpuno shvatiti ni izraziti, jer Bog je \u201cve\u0107i od na\u0161eg srca\u201d i na\u0161e pameti, kako ka\u017ee sv. Ivan (usp. 1 Iv 3,20). No u svojoj se vjeri oslanjamo na rije\u010di Isusa Krista, Sina Bo\u017ejega koji nam je objavio tu najdublju tajnu o Bogu. On je rekao: \u201c<strong><em>Nitko ne poznaje Boga osim Sina i onaj kome Sin ho\u0107e da objav<\/em><\/strong>i\u201d (Mt 11,27).<\/p>\n<p>Svoju vjeru u Presveto Trojstvo izra\u017eavamo kad god se kri\u017eamo <strong>znakom kri\u017ea<\/strong> i ispovijedamo: \u201c<strong><em>U ime Oca i Sina i Duha Svetoga<\/em><\/strong>.\u201d Time obnavljamo svoje <strong>kr\u0161tenje<\/strong> jer smo po Isusovu nalogu tako kr\u0161teni i krstom posve\u0107eni Ocu i Sinu i Duhu Svetomu. U evan\u0111elju sv. Mateja Isus na dan svog uza\u0161a\u0161\u0107a daje u\u010denicima posljednju zapovijed: \u201c<strong><em>Idite po svem svijetu. Sve narode u\u010dinite mojim u\u010denicima. Krstite ih u ime Oca i Sina i Duha Svetoga<\/em><\/strong>\u201d (Mt 28,19-20).<\/p>\n","protected":false},"excerpt":{"rendered":"<p>Bog Bog je veliki Misterij (tajna). Te\u0161ko je i gotovo nemogu\u0107e ljudskim rije\u010dima izraziti tko je i kakav je Bog. No na\u0161e nam rije\u010di mogu pomo\u0107i da naslutimo neizrecivo bogatstvo Misterija Boga. Osobito rije\u010di za koje vjerujemo da su nam od Boga objavljene. O Bogu se mo\u017ee izre\u0107i svako dobro i samo dobro: Bog je &hellip; <a href=\"https:\/\/vjeronauk.net\/?page_id=39\" class=\"more-link\">Nastavi \u010ditati <span class=\"screen-reader-text\">u Boga&#8230;<\/span><\/a><\/p>\n","protected":false},"author":5,"featured_media":0,"parent":28,"menu_order":1,"comment_status":"closed","ping_status":"closed","template":"","meta":{"footnotes":""},"class_list":["post-39","page","type-page","status-publish","hentry"],"_links":{"self":[{"href":"https:\/\/vjeronauk.net\/index.php?rest_route=\/wp\/v2\/pages\/39","targetHints":{"allow":["GET"]}}],"collection":[{"href":"https:\/\/vjeronauk.net\/index.php?rest_route=\/wp\/v2\/pages"}],"about":[{"href":"https:\/\/vjeronauk.net\/index.php?rest_route=\/wp\/v2\/types\/page"}],"author":[{"embeddable":true,"href":"https:\/\/vjeronauk.net\/index.php?rest_route=\/wp\/v2\/users\/5"}],"replies":[{"embeddable":true,"href":"https:\/\/vjeronauk.net\/index.php?rest_route=%2Fwp%2Fv2%2Fcomments&post=39"}],"version-history":[{"count":11,"href":"https:\/\/vjeronauk.net\/index.php?rest_route=\/wp\/v2\/pages\/39\/revisions"}],"predecessor-version":[{"id":743,"href":"https:\/\/vjeronauk.net\/index.php?rest_route=\/wp\/v2\/pages\/39\/revisions\/743"}],"up":[{"embeddable":true,"href":"https:\/\/vjeronauk.net\/index.php?rest_route=\/wp\/v2\/pages\/28"}],"wp:attachment":[{"href":"https:\/\/vjeronauk.net\/index.php?rest_route=%2Fwp%2Fv2%2Fmedia&parent=39"}],"curies":[{"name":"wp","href":"https:\/\/api.w.org\/{rel}","templated":true}]}}