{"id":417,"date":"2011-04-30T15:00:08","date_gmt":"2011-04-30T13:00:08","guid":{"rendered":"http:\/\/vjeronauk.net\/?page_id=417"},"modified":"2020-05-14T20:42:46","modified_gmt":"2020-05-14T19:42:46","slug":"kako-moliti-krunicu","status":"publish","type":"page","link":"https:\/\/vjeronauk.net\/?page_id=417","title":{"rendered":"Kako moliti krunicu?"},"content":{"rendered":"<p>Dr\u017ee\u0107i kri\u017ei\u0107 krunice u ruci, prekri\u017eimo se i molimo Apostolsko vjerovanje. Nakon vjerovanja moli se O\u010de na\u0161, tri Zdravo Marijo i Slava Ocu, a zatim O\u010de na\u0161, deset puta Zdravo Marijo i Slava Ocu. Iza rije\u010di Isus kod svake Zdravo Marijo dodaju se odgovaraju\u0107i zazivi vjere, ufanja i ljubavi te pojedinih otajstava:<br \/>\nNa tri prva zrna<br \/>\n<span style=\"color: #800000;\">1. Koji neka nam umno\u017ei vjeru.<\/span><br \/>\n<span style=\"color: #800000;\"> 2. Koji neka nam u\u010dvrsti ufanje.<\/span><br \/>\n<span style=\"color: #800000;\"> 3. Koji neka nam usavr\u0161i ljubav.<\/span><\/p>\n<p><span style=\"color: #000080;\">Radosna otajstva <\/span>krunice:<br \/>\nMole se ponedjeljkom i subotom.<span style=\"color: #000080;\"><br \/>\n1. Koga si, Djevice, po Duhu Svetom za\u010dela.<\/span><br \/>\n<span style=\"color: #000080;\"> 2. Koga si, Djevice, Elizabeti u pohode nosila.<\/span><br \/>\n<span style=\"color: #000080;\"> 3. Koga si, Djevice, rodila.<\/span><br \/>\n<span style=\"color: #000080;\"> 4. Koga si, Djevice, u hramu prikazala.<\/span><br \/>\n<span style=\"color: #000080;\"> 5. Koga si, Djevice, u hramu na\u0161la.<\/span><\/p>\n<p><span style=\"color: #800080;\">\u017dalosna otajstva<\/span> krunice:<br \/>\nMole se utorkom i petkom.<br \/>\n<span style=\"color: #800080;\">1. Koji se za nas krvavim znojem znojio.<\/span><br \/>\n<span style=\"color: #800080;\"> 2. Koji je za nas bi\u010devan bio.<\/span><br \/>\n<span style=\"color: #800080;\"> 3. Koji je za nas trnjem okrunjen bio.<\/span><br \/>\n<span style=\"color: #800080;\"> 4. Koji je za nas te\u0161ki kri\u017e nosio.<\/span><br \/>\n<span style=\"color: #800080;\"> 5. Koji je za nas raspet bio.<\/span><\/p>\n<p><span style=\"color: #993300;\">Slavna otajstva<\/span> krunice:<br \/>\nMole se srijedom i nedjeljom.<br \/>\n<span style=\"color: #993300;\">1. Koji je od mrtvih uskrsnuo.<\/span><br \/>\n<span style=\"color: #993300;\"> 2. Koji je na nebo uza\u0161ao.<\/span><br \/>\n<span style=\"color: #993300;\"> 3. Koji je Duha Svetoga poslao.<\/span><br \/>\n<span style=\"color: #993300;\"> 4. Koji je tebe, Djevice, na nebo uzeo.<\/span><br \/>\n<span style=\"color: #993300;\"> 5. Koji je tebe, Djevice, na nebu okrunio.<\/span><\/p>\n<p><span style=\"color: #333399;\">Otajstva svjetla<\/span> krunice:<br \/>\nMole se \u010detvrtkom.<br \/>\n<span style=\"color: #333399;\">1. Koji je na rijeci Jordanu kr\u0161ten bio.<\/span><br \/>\n<span style=\"color: #333399;\"> 2. Koji nam se na svadbi u Kani objavio.<\/span><br \/>\n<span style=\"color: #333399;\"> 3. Koji nam je kraljevstvo Bo\u017eje navijestio i na obra\u0107enje nas pozvao.<\/span><br \/>\n<span style=\"color: #333399;\"> 4. Koji se na gori preobrazio i svoju nam slavu objavio.<\/span><br \/>\n<span style=\"color: #333399;\"> 5. Koji nam se u otajstvu euharistije darovao.<\/span><\/p>\n<p>Napomena: Na po\u010detku i na kraju sv. krunice mo\u017ee se dodati ovaj zaziv:<br \/>\n<span style=\"color: #800000;\">\u201cO, Isuse, to je tebi za ljubav, za obra\u0107enje gre\u0161nika i kao naknada za uvrede, koje se nanose Bezgre\u0161nom Srcu Marijinu.\u201d<\/span><br \/>\nPoslije svake desetke mo\u017ee se dodati:<br \/>\n<span style=\"color: #800000;\">\u201cO, moj Isuse, oprosti nam na\u0161e grijehe, o\u010duvaj nas od paklenoga ognja i dovedi u raj sve du\u0161e, osobito one kojima je najpotrebnije tvoje milosr\u0111e.\u201d<\/span><br \/>\nNa kraju krunice molimo:<br \/>\n<span style=\"color: #000080;\">Zdravo, Kraljice, Majko milosr\u0111a, \u017eivote, slasti i ufanje na\u0161e, zdravo! K tebi vapijemo prognani sinovi Evini. K tebi uzdi\u0161emo, tuguju\u0107i i pla\u010du\u0107i u ovoj suznoj dolini. Svrni, dakle, zagovornice na\u0161a, one svoje milostive o\u010di na nas te nam poslije ovoga progona poka\u017ei Isusa, blagoslovljeni plod utrobe svoje.<\/span><br \/>\n<span style=\"color: #000080;\"> O blaga, o mila, o slatka djevice Marijo!<\/span><\/p>\n","protected":false},"excerpt":{"rendered":"<p>Dr\u017ee\u0107i kri\u017ei\u0107 krunice u ruci, prekri\u017eimo se i molimo Apostolsko vjerovanje. Nakon vjerovanja moli se O\u010de na\u0161, tri Zdravo Marijo i Slava Ocu, a zatim O\u010de na\u0161, deset puta Zdravo Marijo i Slava Ocu. Iza rije\u010di Isus kod svake Zdravo Marijo dodaju se odgovaraju\u0107i zazivi vjere, ufanja i ljubavi te pojedinih otajstava: Na tri prva &hellip; <a href=\"https:\/\/vjeronauk.net\/?page_id=417\" class=\"more-link\">Nastavi \u010ditati <span class=\"screen-reader-text\">Kako moliti krunicu?<\/span><\/a><\/p>\n","protected":false},"author":5,"featured_media":0,"parent":383,"menu_order":0,"comment_status":"closed","ping_status":"closed","template":"","meta":{"footnotes":""},"class_list":["post-417","page","type-page","status-publish","hentry"],"_links":{"self":[{"href":"https:\/\/vjeronauk.net\/index.php?rest_route=\/wp\/v2\/pages\/417","targetHints":{"allow":["GET"]}}],"collection":[{"href":"https:\/\/vjeronauk.net\/index.php?rest_route=\/wp\/v2\/pages"}],"about":[{"href":"https:\/\/vjeronauk.net\/index.php?rest_route=\/wp\/v2\/types\/page"}],"author":[{"embeddable":true,"href":"https:\/\/vjeronauk.net\/index.php?rest_route=\/wp\/v2\/users\/5"}],"replies":[{"embeddable":true,"href":"https:\/\/vjeronauk.net\/index.php?rest_route=%2Fwp%2Fv2%2Fcomments&post=417"}],"version-history":[{"count":6,"href":"https:\/\/vjeronauk.net\/index.php?rest_route=\/wp\/v2\/pages\/417\/revisions"}],"predecessor-version":[{"id":1949,"href":"https:\/\/vjeronauk.net\/index.php?rest_route=\/wp\/v2\/pages\/417\/revisions\/1949"}],"up":[{"embeddable":true,"href":"https:\/\/vjeronauk.net\/index.php?rest_route=\/wp\/v2\/pages\/383"}],"wp:attachment":[{"href":"https:\/\/vjeronauk.net\/index.php?rest_route=%2Fwp%2Fv2%2Fmedia&parent=417"}],"curies":[{"name":"wp","href":"https:\/\/api.w.org\/{rel}","templated":true}]}}