{"id":82,"date":"2011-03-02T23:15:04","date_gmt":"2011-03-02T22:15:04","guid":{"rendered":"http:\/\/vjeronauk.net\/?page_id=82"},"modified":"2011-05-06T23:50:59","modified_gmt":"2011-05-06T21:50:59","slug":"koji-je-zacet-po-duhu-svetom-roden-od-marije-djevice","status":"publish","type":"page","link":"https:\/\/vjeronauk.net\/?page_id=82","title":{"rendered":"koji je za\u010det po Duhu Svetom, ro\u0111en od Marije Djevice&#8230;"},"content":{"rendered":"<p>Mi kr\u0161\u0107ani vjerujemo da je Isus Krist pravi Bog i pravi \u010dovjek. Kao  Sin Bo\u017eji on je Bog odvijeka, a \u010dovjekom je postao za\u010de\u0107em u krilu majke  Marije.<\/p>\n<p>Isusovo za\u010de\u0107e dogodilo se na jedinstven, \u010dudesan na\u010din. Kao \u0161to je Bog na po\u010detku samom svojom rije\u010dju stvorio nebo i zemlju, <strong>Duh Sveti<\/strong> o\u017eivotvorio je krilo bla\u017eene Djevice Marije, i ona je bez \u010dovjekova  sudjelovanja za\u010dela Isusa Krista, koji bija\u0161e Sin Bo\u017eji odvijeka. Stoga  se ona i u Svetom pismu i u vjerovanju Crkve uvijek naziva Djevica, a mi  je iz najdubljeg po\u0161tovanja zovemo <strong>bla\u017eena Djevica Marija<\/strong>. Op\u0107i crkveni koncil u Efezu god. 431. dao joj je naziv <strong>Bogorodica<\/strong>: njezin sin Isus Krist bio je odvijeka Sin Bo\u017eji, s Ocem i Duhom Svetim pravi Bog.<\/p>\n<p>Zbog njezine najtje\u0161nje povezanosti s Isusom, mi je kr\u0161\u0107ani \u010dastimo  nada sve svete. U molitvama je zazivamo kao Isusovu i na\u0161u Majku. Isus  je s kri\u017ea rekao svom u\u010deniku Ivanu: \u201c<strong><em>Sinko, evo ti majke!<\/em><\/strong>\u201d U tom Isusovom testamentu obuhva\u0107eni su svi kr\u0161\u0107ani i svi ljudi.<\/p>\n<p>Najljep\u0161a molitva bla\u017eenoj Djevici Mariji je ona kojom ju je pozdravio an\u0111eo Gabrijel: \u201c<strong><em>Zdravo Marijo, milosti puna<\/em><\/strong>\u201d  Njezini najve\u0107i blagdani jesu: njezino Bezgre\u0161no za\u010de\u0107e (8. prosinca) i  njezino Uznesenje na nebo ili Velika Gospa (15. kolovoza).<\/p>\n<p>Zajedno s bla\u017eenom Djevicom Marijom \u0161tujemo i \u010dastimo <strong>sv. Josipa<\/strong>,  njezina djevi\u010danskog mu\u017ea. On je od Boga pou\u010den i upu\u0107en u Bo\u017eje  planove, pa je prihvatio Isusa Krista sa svom ljubavlju i brigom kao  svoga sina.<\/p>\n<h2>Isus u\u010ditelj<\/h2>\n<p>Isus je pripadao Izraelskom narodu. Sav je svoj \u017eivot proveo u  Palestini. Rodio se u Betlehemu, nedaleko od Jeruzalema. Zavi\u010daj mu je  bio u Nazaretu, bio je <strong>Nazare\u0107anin<\/strong>. Najvi\u0161e je djelovao  i nau\u010davao u pokrajini Galileji i Judeji. Najva\u017eniji doga\u0111aji njegova  \u017eivota zbili su se u glavnom gradu Jeruzalemu, gdje je napokon Isus  osu\u0111en, umro i pokopan, ali je tre\u0107i dan uskrsnuo.<\/p>\n<p>Svu svoju mladost proveo je u Nazaretu, gdje je bio <strong>mladi radnik<\/strong> u tesarskoj radionici sv. Josipa.<\/p>\n<p>Kad mu je bilo oko trideset godina, okupio je kao <strong>putuju\u0107i u\u010ditelj<\/strong> oko sebe malu <strong>dru\u017einu u\u010denika<\/strong> koje je prozvao <strong>apostolima<\/strong> ili misionarima (\u201cposlanicima\u201d). Bilo ih je dvanaest, stoga se \u010desto i zovu zajedno <strong>Dvanaestorica<\/strong>. Na \u010delu im je bio Petar, a Juda \u0107e biti Isusov izdajica.<\/p>\n<p>Tko je bio Isus, \u0161to je \u010dinio i govorio \u2013 o tome nam govore \u010detiri knjige Sv. pisma koje se zovu <strong>evan\u0111elja<\/strong>. (Rije\u010d evan\u0111elje potje\u010de iz gr\u010dkoga, a zna\u010di \u201cRadosna vijest\u201d ili \u201cBlagovijest\u201d). Evan\u0111elja su napisali Isusovi apostoli <strong>Matej<\/strong> i <strong>Ivan<\/strong> i prvi apostolski u\u010denici <strong>Marko<\/strong> i <strong>Luka<\/strong>.<\/p>\n<p>Isus u svom nau\u010davanju nastupa kao <strong>U\u010ditelj<\/strong> kojega je  Bog poslao. On nam objavljuje: tko je Bog i koji su Bo\u017eji naumi  (planovi) sa svakim \u010dovjekom i s \u010dovje\u010danstvom. On navje\u0161\u0107uje novi,  Bo\u017eji svijet koji rado naziva <strong>Bo\u017eje kraljevstvo<\/strong>. Otkriva Bo\u017eju dobrotu i vrijednost svakog \u010dovjeka.<\/p>\n<p>On ima radosnu poruku za svakog \u010dovjeka, i ho\u0107e da ta poruka do\u0111e do  svih ljudi: Bog Otac ih ljubi, poziva ih da prime njegovo prijateljstvo i  da u zajednici s njime i me\u0111u sobom na\u0111u savr\u0161enu sre\u0107u.<\/p>\n<p>Sve ljude Isus progla\u0161ava sinovima Bo\u017ejim i bra\u0107om me\u0111u sobom. Stoga progla\u0161ava <strong>zapovijed ljubavi<\/strong> kao temeljni zakon me\u0111uljudskih odnosa. Vrhunac ljubavi je i \u017eivot dati  za one koje ljubimo. A prava ljubav zahtijeva da jedni drugima  pra\u0161tamo. Stoga nas je Isus nau\u010dio u molitvi \u201cO\u010de na\u0161\u201d moliti : \u201c<strong><em>Otpusti nam dugove na\u0161e kako i mi otpu\u0161tamo svojim du\u017enicima<\/em><\/strong>\u201d (Mt 6,12).<\/p>\n<p>Sam je bio radnik te je prihvatio i posvetio <strong>ljudski rad<\/strong> kao jedan od temeljnih znakova \u010dovjekova dostojanstva i kao temeljnu  njegovu obvezu. Po radu \u010dovjek ponajvi\u0161e ostvaruje zapovijed ljubavi i  pridonosi usavr\u0161enju Bo\u017ejega stvaranja.<\/p>\n<p>Sve\u010dano je proglasio zapovijed do\u017eivotne ljubavi mu\u0161karca i \u017eene i tako je <strong>posvetio<\/strong> ljudski <strong>brak<\/strong> i <strong>obitelj<\/strong>.<\/p>\n<p>Posebno je volio <strong>djecu<\/strong>, cijenio je <strong>prijateljstvo<\/strong>, ljubio je <strong>svoj narod<\/strong>, ali i sve <strong>\u010dovje\u010danstvo<\/strong> i svakoga <strong>\u010dovjeka<\/strong>. Ako je koga vi\u0161e ljubio, onda su to bili <strong>siromasi<\/strong>, <strong>bolesnici<\/strong>, <strong>potla\u010deni<\/strong>, <strong>obespravljeni<\/strong>. On je uvijek bio na njihovoj strani.<\/p>\n<p>Suosje\u0107ao je s patnjama ljudi i tra\u017eio kako da im pomogne. Potaknut tim suosje\u0107anjem, bo\u017eanskom mo\u0107i u\u010dinio je mnoga <strong>\u010dudesa<\/strong>.  Lije\u010dio je bolesnike svake vrste: slijepe, gluhe, hrome, uzete&#8230;  Mrtvima je vra\u0107ao \u017eivot. \u2013 Njegova \u010dudesa i sva njegova djela <strong>znak<\/strong> su Bo\u017eje blizine i dobrote, ali i njegove najtje\u0161nje povezanosti s Bogom. Isusova \u010dudesa pokazuju <strong>Bo\u017eju ljubav<\/strong> prema ljudima, ali i to da je Isus istinski <strong>Bo\u017eji poslanik<\/strong> i da je uistinu Sin Bo\u017eji.<\/p>\n<p>Vrhunac Isusove objave predstavlja sve ono \u0161to nam je on govorio o <strong>Bogu Ocu<\/strong> i o <strong>Presvetom Trojstvu.<\/strong> Isus Boga naziva svojim Ocem i obra\u0107a mu se s najve\u0107om intimno\u0161\u0107u. U  isto vrijeme, on \u017eeli da savr\u0161eno izvr\u0161i volju O\u010devu. Sam ka\u017ee: \u201c<strong><em>Hrana je moja vr\u0161iti volju onoga koji me posla \u2013 to jest volju O\u010devu \u2013 i dovr\u0161iti djelo njegovo<\/em><\/strong>\u201d (Iv 4,34).<\/p>\n<p>I nas je nau\u010dio da se Bogu obra\u0107amo jednostavno i s pouzdanjem. Stoga nas je uputio u nov oblik <strong>molitve<\/strong> koji je najsavr\u0161enije i najkra\u0107e izra\u017een u Isusovu \u201cO\u010dena\u0161u\u201d.<\/p>\n<p>Isusov na\u010din pristupa Bogu i ljudima bio je <strong>velika novost<\/strong>. \u201c<strong><em>Nikada nitko nije govorio kao on<\/em><\/strong>\u201d, isticali su i njegovi neprijatelji (Iv 7,46). On je donio sasvim <strong>novu sliku<\/strong> <strong>o Bogu<\/strong> i <strong>\u010dovjeku<\/strong>, zastupao je sasvim <strong>nove odnose<\/strong> me\u0111u ljudima.<\/p>\n<p>Imao je stoga vrlo mnogo odu\u0161evljenih <strong>privr\u017eenika<\/strong>, ali i \u017eestokih <strong>neprijatelja<\/strong>. Do\u0161ao je u <strong>sukob<\/strong> s vo\u0111ama svoga naroda, koji su i\u0161li dotle da su ga osudili na <strong>smrt<\/strong> i predali rimskim vlastima da ga smaknu.<\/p>\n","protected":false},"excerpt":{"rendered":"<p>Mi kr\u0161\u0107ani vjerujemo da je Isus Krist pravi Bog i pravi \u010dovjek. Kao Sin Bo\u017eji on je Bog odvijeka, a \u010dovjekom je postao za\u010de\u0107em u krilu majke Marije. Isusovo za\u010de\u0107e dogodilo se na jedinstven, \u010dudesan na\u010din. Kao \u0161to je Bog na po\u010detku samom svojom rije\u010dju stvorio nebo i zemlju, Duh Sveti o\u017eivotvorio je krilo bla\u017eene &hellip; <a href=\"https:\/\/vjeronauk.net\/?page_id=82\" class=\"more-link\">Nastavi \u010ditati <span class=\"screen-reader-text\">koji je za\u010det po Duhu Svetom, ro\u0111en od Marije Djevice&#8230;<\/span><\/a><\/p>\n","protected":false},"author":5,"featured_media":0,"parent":28,"menu_order":6,"comment_status":"closed","ping_status":"closed","template":"","meta":{"footnotes":""},"class_list":["post-82","page","type-page","status-publish","hentry"],"_links":{"self":[{"href":"https:\/\/vjeronauk.net\/index.php?rest_route=\/wp\/v2\/pages\/82","targetHints":{"allow":["GET"]}}],"collection":[{"href":"https:\/\/vjeronauk.net\/index.php?rest_route=\/wp\/v2\/pages"}],"about":[{"href":"https:\/\/vjeronauk.net\/index.php?rest_route=\/wp\/v2\/types\/page"}],"author":[{"embeddable":true,"href":"https:\/\/vjeronauk.net\/index.php?rest_route=\/wp\/v2\/users\/5"}],"replies":[{"embeddable":true,"href":"https:\/\/vjeronauk.net\/index.php?rest_route=%2Fwp%2Fv2%2Fcomments&post=82"}],"version-history":[{"count":6,"href":"https:\/\/vjeronauk.net\/index.php?rest_route=\/wp\/v2\/pages\/82\/revisions"}],"predecessor-version":[{"id":89,"href":"https:\/\/vjeronauk.net\/index.php?rest_route=\/wp\/v2\/pages\/82\/revisions\/89"}],"up":[{"embeddable":true,"href":"https:\/\/vjeronauk.net\/index.php?rest_route=\/wp\/v2\/pages\/28"}],"wp:attachment":[{"href":"https:\/\/vjeronauk.net\/index.php?rest_route=%2Fwp%2Fv2%2Fmedia&parent=82"}],"curies":[{"name":"wp","href":"https:\/\/api.w.org\/{rel}","templated":true}]}}